ose 3*z - 243 = -3*a + 2*a, -z = 0. What is the greatest common factor of a and q?
27
Suppose 6*a - 1134 = -3*a. Suppose 4*n + 42 = 3*u - 0*n, -14 = -u - 4*n. What is the highest common divisor of a and u?
14
Let b(w) be the third derivative of -w**5/60 + w**4/6 + 2*w**3/3 + w**2. Let f be b(5). Let z be 0/f + 1 + 0. Calculate the highest common divisor of z and 4.
1
Let f = 114 - 101. What is the greatest common factor of f and 104?
13
Let f(w) = -w**3 - 2*w**2 - 4*w - 2. Let g be f(-2). Calculate the greatest common factor of g and 42.
6
Let y(q) = q**3 - 9*q**2 - q - 2. Let z be y(10). Let x be (-1 + 7)*4/3. Calculate the greatest common divisor of z and x.
8
Suppose 0 = -s + 13 - 3. Let w(x) = -x**3 + 11*x**2 - 9*x - 2. Let p be w(s). What is the greatest common factor of p and 40?
8
Let v be (-3)/(-12) - 50/8. Let c be ((-4)/v)/(14/105). Let f(x) = 29*x - 1. Let g be f(c). What is the highest common divisor of 18 and g?
18
Suppose 0 = -2*i + a - 4*a + 25, -2*i - 2*a + 22 = 0. Let n = 67 + -3. Calculate the highest common factor of i and n.
8
Let g be (-208)/(-12) + (-1)/3. Let k be (1 - 3) + (3 - -186). Calculate the highest common divisor of k and g.
17
Let g(a) = a**2 - 5*a - 9. Let q be g(7). Suppose -3*n = q*c - 1096, -3*n + 342 = -2*n - 3*c. Let d = n - 126. What is the highest common divisor of 21 and d?
21
Suppose 8*k - 4*k = 180. Calculate the highest common factor of k and 60.
15
Let l = -35 + 64. Calculate the highest common factor of l and 232.
29
Let b = -11 - -15. Let z be (-4)/(-2)*14/b. Calculate the highest common divisor of z and 63.
7
Let r = 16 + -5. Let l be 4/(-10) + 342/30. Calculate the greatest common divisor of l and r.
11
Let z be (6/(-3) - 3)/((-1)/3). What is the greatest common factor of z and 3?
3
Let z = 153 + -88. Let g(o) = o + 13. Let r be g(0). Calculate the highest common divisor of z and r.
13
Let j(c) = c + 23. Let y be j(-13). What is the highest common factor of 50 and y?
10
Let m = 0 + 3. Suppose 69 = 3*p + m*l, -11 = -2*l - 5. Suppose 3*w = w + p. What is the highest common divisor of 90 and w?
10
Suppose 3*u - 13 = -0*u + 4*p, -2*p = 2*u - 4. Suppose u*l = 4*l - 2*q - 109, -312 = -3*l + 3*q. What is the greatest common factor of 11 and l?
11
Let m be (-1)/(-5) + (-99)/(-5). Calculate the greatest common divisor of m and 8.
4
Let g = 14 - 1. What is the greatest common divisor of 143 and g?
13
Suppose -26 = -7*u + 3*u + 2*j, 5*u - j - 37 = 0. What is the highest common factor of u and 24?
8
Let q = -98 - -118. Let k = 9 + -5. Calculate the greatest common divisor of q and k.
4
Let i = 262 + -256. Let f be (-30)/(-3) + (0 - 1). Calculate the greatest common divisor of f and i.
3
Let a be (0 + -1)/(-1) + 4. Suppose -s - 4*f = 0, a*f + 90 = 3*s + 5. Calculate the highest common factor of s and 30.
10
Let o(s) = s**2 - s + 4. Let i be o(5). Suppose -28 = -2*x + i. Calculate the highest common factor of x and 234.
26
Let i be ((-7)/(-2))/(2/4). Let a(g) = g**3 - 6*g**2 - 6*g + 6. Let f be a(i). What is the greatest common factor of 39 and f?
13
Let d(h) = h**2 + 2*h + 5. Let w be d(5). Suppose 8 + 8 = v. Calculate the highest common divisor of v and w.
8
Suppose 5*b - 4*t - 5 = 0, -5*b = -b + 4*t - 40. Suppose -3 - b = -4*k. Suppose 0 + 4 = 4*j. Calculate the greatest common divisor of j and k.
1
Let j be 4/18 - (-129)/27. Let u(y) = -y**3 - y**2 - y + 8. Let p be u(0). Suppose 2*s - p = -2*s. Calculate the greatest common factor of j and s.
1
Suppose -36*r = -31*r - 325. Calculate the greatest common divisor of 26 and r.
13
Let f be ((-36)/(-3))/1 + -1. Let m(l) = -l. Let z be m(-2). Suppose 0*b - j = z*b - 40, -5*j + 68 = 4*b. Calculate the greatest common factor of f and b.
11
Suppose -34 + 8 = -2*q. Let z = q + -10. Calculate the greatest common factor of z and 21.
3
Let r(c) be the first derivative of -c**3/3 - 4*c**2 - 8*c - 2. Let h be r(-6). Calculate the highest common factor of h and 4.
4
Let f = 0 + 0. Suppose -3*w + 270 + 128 = -4*i, i - 5*w + 91 = f. Let d = i + 213. Calculate the greatest common factor of d and 16.
16
Suppose -v + 36 + 48 = -4*z, 2*v = 4*z + 80. Let j = -6 - z. What is the greatest common divisor of j and 4?
4
Let l = 55 + 33. What is the highest common factor of 8 and l?
8
Suppose -2*c = -10 - 4. Calculate the highest common divisor of c and 63.
7
Let l = 135 + -127. What is the greatest common divisor of 64 and l?
8
Suppose -4*t + 17 = 2*d - 15, 5*d - t = 47. Suppose -d = -2*q + 8. Calculate the greatest common factor of 6 and q.
3
Suppose 3*l - 1 = 14. Let x(h) = h**3 - h**2 + 1. Let c be x(1). Calculate the greatest common divisor of c and l.
1
Let k = 4 - 12. Let q(b) = -8*b - 16. Let p be q(k). Let z(v) = v**3 - 5*v**2 - 10*v + 4. Let n be z(7). Calculate the highest common factor of p and n.
16
Let r = -1 - -8. Let h = 6 + r. Let d = 11 - -41. Calculate the greatest common factor of d and h.
13
Let h = 164 + -98. Suppose 0*y + 6 = y. What is the greatest common divisor of y and h?
6
Let o(t) = 6*t**2 + 5*t + 1. Let w be o(5). What is the highest common divisor of 22 and w?
22
Suppose 0 = 4*g - 3*g + 2, 2*a + g - 46 = 0. Calculate the highest common divisor of 24 and a.
24
Let w(h) = h**3 + 9*h**2 + 7*h - 4. Let o be w(-8). Let c = 5 - o. What is the greatest common factor of c and 9?
1
Let j = 22 + -2. Suppose -4*x - 2*p = -13 - 17, -x = -2*p - 20. Calculate the greatest common divisor of x and j.
10
Suppose -2*f - 2*u = u - 371, -5*u = -5*f + 940. What is the highest common divisor of 17 and f?
17
Let v be ((-108)/15)/6*(-1 - 74). Calculate the greatest common factor of v and 135.
45
Suppose 0 = -3*i + 6*i - 4*a - 99, -a - 90 = -3*i. Suppose 0 = 5*u + 143 - 578. What is the highest common factor of u and i?
29
Let h(d) = d**2 - 3*d - 6. Let g be h(-7). Let a = g + -29. What is the highest common factor of a and 7?
7
Let i = -183 - -381. Calculate the greatest common divisor of i and 22.
22
Let s(c) = -c**3 + 13*c**2 + 13*c + 20. Let f be s(14). What is the greatest common factor of f and 12?
6
Let p be 1354/(-18) + (-14)/(-63). Let x = -43 - p. Calculate the highest common factor of 160 and x.
32
Let u = 166 + -94. Calculate the greatest common divisor of 8 and u.
8
Let f(o) = o**2 + 3*o + 8. Let i be f(-6). Let p be (-3 - -1)*305/(-10). Let q = -22 + p. What is the highest common factor of i and q?
13
Let p(i) = -i**2 - i + 7. Let u be p(0). Let h(l) = -l**2 + 7*l + 2. Let x be h(u). What is the highest common factor of 14 and x?
2
Suppose -8*l = -9*l + 4. Suppose 9*o = l*o + 330. Let g(a) = 3*a - 3. Let n be g(3). Calculate the highest common factor of n and o.
6
Suppose 3 = -5*h + 8. What is the greatest common factor of 9 and h?
1
Suppose -r + 11 + 1 = 4*q, -4*r + 3*q + 86 = 0. What is the greatest common divisor of r and 50?
10
Suppose 5*t + 68 = 288. Suppose 2*f - 4 - 4 = 0. Suppose -5*w + 0*w = f*s - t, 2*w = -8. What is the greatest common divisor of 8 and s?
8
Let w(x) = -x**3 - 15*x**2 - 9*x. Let a be w(-15). Let d(l) = -10*l + 4. Let t be d(-5). What is the highest common factor of a and t?
27
Let s(t) = 145*t - 10. Let b be s(2). What is the greatest common factor of b and 35?
35
Let b = 11 + 12. Suppose -b = -4*z + 5. Suppose z*s - 28 = 3*s. What is the highest common factor of 77 and s?
7
Let z(f) = -f**3 - 3*f**2 - 2*f - 3. Let x be z(-3). Suppose -x*y + 5*j + 48 = 0, -3*y + 0*j = -j - 36. What is the greatest common factor of y and 11?
11
Let p(n) = 4*n + 11. Let w be p(8). Let f be (-1 - (-6)/3) + w. Calculate the highest common divisor of f and 11.
11
Suppose -x + 10 = 5*f, -f = 5*x - 78 - 44. Calculate the greatest common divisor of 100 and x.
25
Let z(t) = 8*t + 5. Let f(q) = -q - 1. Let u(k) = f(k) + z(k). Suppose -4*c - 5 = -5*c. Let y be u(c). Calculate the greatest common divisor of y and 13.
13
Let g(r) = 2*r - 19 - 9 - r + 38. Let b be g(-7). What is the greatest common divisor of b and 9?
3
Let k = 1251 + -845. Suppose 4*i = k - 46. Let x be (-60)/((-9)/3) + -2. What is the highest common divisor of x and i?
18
Let k(g) = -g**2 - 11*g - 8. Let o be k(-8). Calculate the highest common factor of o and 8.
8
Let a = 43 + -35. What is the greatest common factor of a and 2?
2
Let l = 0 - -5. Suppose -175 = -9*r + 2*r. Calculate the highes